. What is i(-69)?
588
Let g(o) = -6*o**2 + 177*o + 4636. What is g(-17)?
-107
Let n(c) = 2*c**3 - 82*c**2 + 477*c + 41. Determine n(34).
75
Let u(i) = i**2 + 4615*i - 6977966. Calculate u(1200).
34
Let h(y) = -2*y**3 + 34*y**2 - 23*y + 483. Calculate h(17).
92
Let c(k) = 2*k**2 - 213*k + 1611. Determine c(8).
35
Let n(w) = -8*w**3 - 3257*w**2 - 3793*w - 56444. Determine n(-406).
-10
Let o(z) = 2980*z + 137089. What is o(-46)?
9
Let d(w) = -w**3 + 40*w**2 - 285*w - 859. Determine d(13).
-1
Let m(q) = 124*q - 24303. Determine m(193).
-371
Let q(v) = 1755*v - 35901. Give q(21).
954
Let h(s) = -311*s - 1163. Calculate h(1).
-1474
Let k(m) = -57*m**2 + 625*m + 41. Give k(11).
19
Let p(d) = -2*d**2 - 3818*d - 320289. What is p(-88)?
207
Let m(b) = -39*b**2 - 837*b + 433. Calculate m(-22).
-29
Let o(i) = 4*i**2 + 1231*i - 40906. Give o(-338).
-8
Let w(z) = -8697*z + 43466. Give w(5).
-19
Let k(h) = -h**2 - 268*h + 4921. What is k(18)?
-227
Let w(q) = -1231*q - 12255. Calculate w(-10).
55
Let u(l) = 9504*l + 134575. Determine u(-14).
1519
Let r(k) = -62*k + 3512. Calculate r(102).
-2812
Let v(q) = 1480*q + 13319. Determine v(-9).
-1
Let h(w) = -3*w**3 + 294*w**2 - 677*w + 37381. Give h(97).
-61
Let c(a) = 4199*a + 218340. What is c(-52)?
-8
Let b(r) = -3*r**3 - 469*r**2 + 1274*r + 405. What is b(-159)?
87
Let b(w) = -331457*w + 5966238. Determine b(18).
12
Let a(j) = -74*j - 1787. Calculate a(-29).
359
Let p(b) = b**3 - 74*b**2 - 636*b - 1658. Determine p(82).
-18
Let p(c) = -221*c + 6038. Give p(30).
-592
Let k(a) = 3*a**3 + 776*a**2 + 336*a - 46433. Give k(-258).
7
Let o(w) = 2*w**3 - 23*w**2 - 32*w + 56. Determine o(13).
147
Let v(y) = 15992*y + 79868. Calculate v(-5).
-92
Let v(x) = -x**3 - 7*x**2 + 336*x - 1489. Determine v(5).
-109
Let r(g) = 38*g**3 - 164*g**2 + 529*g + 692. Calculate r(-1).
-39
Let q(d) = 8*d**3 + 208*d**2 + 1260*d - 57. Give q(-16).
263
Let q(g) = -1666554*g + 4999635. What is q(3)?
-27
Let z(o) = -7093*o - 26089. Calculate z(-4).
2283
Let l(n) = n**3 - 74*n**2 - 1467*n + 2410. What is l(90)?
-20
Let h(f) = f**3 + 263*f**2 + 1628*f + 22149. Give h(-257).
47
Let w(a) = -a**2 - 75*a + 1100. Calculate w(27).
-1654
Let d(t) = t**3 + 981*t**2 + 197946*t - 1398. Calculate d(-697).
-4
Let r(a) = -a**3 - 206*a**2 - 6995*a + 695. Determine r(-43).
93
Let v(r) = 3*r**3 - 33*r**2 + 235*r - 1555. What is v(9)?
74
Let n(w) = 2156*w + 316926. Determine n(-147).
-6
Let j(v) = 4*v**2 + 294*v - 419. Determine j(-75).
31
Let v(c) = -c**2 + 875*c + 39482. What is v(-43)?
8
Let i(l) = -l**2 + 136*l - 3412. Calculate i(35).
123
Let q(a) = -31*a**2 + 5420*a + 875. Determine q(175).
0
Let v(d) = 1698*d + 42620. What is v(-23)?
3566
Let v(q) = -599*q + 4820. What is v(6)?
1226
Let w(g) = g**3 + 8*g**2 + 22*g + 1152. Calculate w(-13).
21
Let b(d) = 14*d**2 - 239*d + 124. Give b(10).
-866
Let i(g) = 663*g - 3481. Calculate i(5).
-166
Let i(v) = 48341*v - 290018. Calculate i(6).
28
Let h(i) = 131*i**2 - 4737*i + 746. What is h(36)?
-10
Let p(j) = j**3 - 154*j**2 + 4476*j + 1066. Calculate p(115).
31
Let z(i) = -i**2 + 879*i - 34352. Give z(41).
6
Let b(a) = 7*a**2 - 134*a + 470. Calculate b(7).
-125
Let j(d) = -101629*d - 1524444. What is j(-15)?
-9
Let r(x) = 630*x + 3730. Give r(-6).
-50
Let a(f) = -2*f**3 + 2*f**2 - 7702*f - 30814. Determine a(-4).
154
Let d(p) = p**3 + 15*p**2 - 64*p - 432. Determine d(-16).
336
Let a(m) = m**2 + 548*m + 2191. Determine a(-4).
15
Let y(g) = 81*g - 2312. What is y(28)?
-44
Let j(g) = -11834*g + 508882. Give j(43).
20
Let b(g) = -g**3 - 117*g**2 - 777*g + 196. Give b(-110).
966
Let v(a) = 11*a**3 + 45*a**2 - 4913*a - 4960. What is v(-1)?
-13
Let r(u) = u**3 - 272*u**2 + 1868*u - 3843. What is r(265)?
-398
Let l(w) = -w**3 + 67*w**2 - 84*w + 1084. Determine l(66).
-104
Let a(k) = 36*k**3 + 317*k**2 - 342*k - 2525. Give a(-9).
-14
Let v(c) = -105*c**2 - 30*c - 1. Calculate v(-2).
-361
Let i(h) = h**3 - 61*h**2 + 1052*h - 1866. What is i(2)?
2
Let v(h) = 654*h - 17016. What is v(26)?
-12
Let s(d) = -2799*d + 38342. Give s(15).
-3643
Let f(j) = 118*j**2 + 73*j - 159. Determine f(-8).
6809
Let v(s) = -475*s + 34133. What is v(72)?
-67
Let y(r) = 42*r**3 + 36*r**2 + 56*r - 41. Give y(-2).
-345
Let u(v) = 8*v + 1024. Determine u(-13).
920
Let y(r) = 2194*r + 34810. Give y(-16).
-294
Let h(a) = -2*a**2 + 937*a - 99046. Calculate h(161).
-31
Let b(d) = d**3 + 20*d**2 + 52*d + 85. What is b(-14)?
533
Let p(b) = -20*b**2 - 1664*b - 16129. What is p(-72)?
-1
Let f(b) = -988*b + 15095. Determine f(15).
275
Let v(u) = -u**2 - 87*u - 1957. Determine v(-37).
-107
Let a(n) = n**2 + 2357*n + 16466. Give a(-7).
16
Let q(w) = 7*w**3 - 10*w**2 - 292*w + 1293. What is q(4)?
413
Let g(x) = -x**3 + 83*x**2 + 615*x + 1331. Give g(90).
-19
Let g(y) = 2150*y + 6478. Calculate g(-3).
28
Let d(o) = -1150*o + 16242. What is d(14)?
142
Let b(t) = t**3 + 3*t**2 - 85*t + 1277. Calculate b(18).
6551
Let w(f) = -2*f**2 + 372*f - 12915. Calculate w(140).
-35
Let k(m) = -39294*m + 5068941. What is k(129)?
15
Let l(n) = -n**2 + 165*n - 6755. Give l(89).
9
Let n(y) = 4*y**3 + 2846*y**2 - 1236*y + 133859. Calculate n(-712).
3
Let a(o) = -1836*o - 473754. Determine a(-258).
-66
Let o(z) = 2*z**3 + 17*z**2 - 65*z - 328. Calculate o(-9).
176
Let o(w) = -w**2 + 153960*w + 10011617. Give o(-65).
-8
Let r(c) = 10*c**3 - 139*c**2 - 257*c + 3436. Give r(14).
34
Let i(z) = -260*z + 30903. Determine i(118).
223
Let m(y) = -15167*y**2 + 227517*y - 153. Give m(15).
27
Let z(j) = -227*j - 17158. What is z(-73)?
-587
Let k(c) = 2*c**3 + 23*c**2 - 97*c - 114. Determine k(7).
1020
Let y(v) = -10824*v + 194822. What is y(18)?
-10
Let o(n) = -2*n**3 + 159*n**2 + 931*n + 476. Calculate o(85).
136
Let l(k) = -k**3 - 195*k**2 - 8908*k - 242. What is l(-122)?
2
Let b(p) = 1129*p - 50766. Determine b(45).
39
Let l(s) = s**3 - 25*s**2 + 1094*s - 4068. Give l(4).
-28
Let u(i) = -1343*i - 95369. Give u(-71).
-16
Let b(s) = -s**3 - 144*s**2 - 159*s - 630. Calculate b(-143).
1658
Let k(v) = 31691*v - 19268125. Determine k(608).
3
Let k(n) = n**3 + 11*n**2 - 468*n - 3873. Give k(-8).
63
Let c(o) = -8*o**2 + 468*o + 1207. What is c(61)?
-13
Let d(f) = 5613*f - 112417. What is d(20)?
-157
Let v(i) = 3*i**3 - 66*i**2 - 869*i + 30. What is v(-11)?
-2390
Let y(d) = 8331*d + 33331. Determine y(-4).
7
Let d(o) = 41790*o - 167168. Calculate d(4).
-8
Let p(q) = -659794*q - 7257734. Calculate p(-11).
0
Let w(f) = -7*f**3 - 2196*f**2 + 695*f + 21043. Calculate w(-314).
5
Let t(s) = -s**3 + 231*s**2 - 2419*s - 248. Give t(220).
-28
Let k(m) = m**2 + 330*m + 27164. Determine k(-162).
-52
Let o(x) = -766*x + 520874. Determine o(680).
-6
Let m(v) = 12157*v - 60788. What is m(5)?
-3
Let k(h) = h**3 + 918*h**2 - 5625*h - 74849. Calculate k(-924).
-5
Let l(m) = -2*m**2 + 4227*m + 16905. What is l(-4)?
-35
Let o(c) = c**2 + 4507*c + 107854. Give o(-24).
262
Let j(o) = 10*o**2 - 1198*o + 8359. Give j(7).
463
Let k(j) = 5767*j - 2664324. What is k(462)?
30
Let f(x) = 9042*x - 52482. Determine f(6).
1770
Let x(m) = 2*m**3 - 254*m**2 + 2965*m - 100. Determine x(114).
14
Let j(z) = 10128*z + 111424. What is j(-11)?
16
Let b(f) = 148206*f - 592780. What is b(4)?
44
Let f(w) = -44174*w - 18508902. Calculate f(-419).
4
Let a(x) = -3*x**2 + 244*x + 3296. Give a(-13).
-383
Let b(y) = 4934*y + 34536. Calculate b(-7).
-2
Let g(w) = 1659*w - 141061. Determine g(85).
-46
Let i(s) = -990*s - 14054. Give i(-16).
1786
Let l(w) = -2*w**2 + 234*w + 14458. Calculate l(-42).
1102
Let h(b) = -2*b**3 + 148*b**2 + 1134*b - 33. Give h(81).
-33
Let q(d) = -2668*d + 16056. Give q(6).
48
Let i(w) = -3*w**2 - 1326*w + 56376. Calculate i(-481).
99
Let u(z) = z**3 + 37*z**2 - 1664*z - 1630. Give u(-63).
8
Let q(k) = k**3 + 20*k**2 + 63*k + 9. Give q(-4).
13
Let n(m) = m**3 - 217*m**2 + 3548*m - 53. Give n(18).
-665
Let k(v) = -1453*v**2 + 8695*v + 118. Calculate k(6).
-20
Let w(j) = 5344*j - 37350. Give w(7).
58
Let q(h) = 3352*h + 201127. Give q(-60).
7
Let f(r) = r**2 - 475*r + 56172. Calculate f(207).
696
Let j(y) = -3*y**3 - 29*y**2 + 93*y - 137. What is j(-17)?
4640
Let t(q) = -116*q**3 - 13688*q**2 + 100*q + 11806. Calculate t(-118).
6
Let z(t) = -t**2 - 41*t + 2790. What is z(-68)?
954
Let z(n) = n**3 - 154*n**2 - 664*n +